{"id":24,"date":"2022-11-15T09:26:12","date_gmt":"2022-11-15T08:26:12","guid":{"rendered":"https:\/\/danis-hundepension.de.dedi37.your-server.de\/?page_id=24"},"modified":"2026-03-23T14:47:31","modified_gmt":"2026-03-23T13:47:31","slug":"preise-leistungen","status":"publish","type":"page","link":"https:\/\/danis-hundepension.de\/?page_id=24","title":{"rendered":"Preise &#038; Leistungen"},"content":{"rendered":"<p>[et_pb_section fb_built=&#8220;1&#8243; _builder_version=&#8220;4.16&#8243; _module_preset=&#8220;default&#8220; custom_padding=&#8220;0px|||||&#8220; global_colors_info=&#8220;{}&#8220;][et_pb_row _builder_version=&#8220;4.16&#8243; _module_preset=&#8220;default&#8220; custom_margin=&#8220;|auto|-12px|auto||&#8220; global_colors_info=&#8220;{}&#8220;][et_pb_column type=&#8220;4_4&#8243; _builder_version=&#8220;4.16&#8243; _module_preset=&#8220;default&#8220; global_colors_info=&#8220;{}&#8220;][et_pb_text _builder_version=&#8220;4.19.1&#8243; _module_preset=&#8220;default&#8220; header_3_font=&#8220;Lato|700|||||||&#8220; header_3_text_color=&#8220;#FFFFFF&#8220; header_3_letter_spacing=&#8220;2px&#8220; header_4_font=&#8220;Lato|700|||||||&#8220; header_4_text_color=&#8220;#FFFFFF&#8220; header_4_letter_spacing=&#8220;2px&#8220; background_color=&#8220;#90b32f&#8220; min_height=&#8220;51px&#8220; custom_padding=&#8220;13px|16px|0px|16px|false|true&#8220; global_colors_info=&#8220;{}&#8220;]<\/p>\n<h3><span style=\"text-decoration: underline;\">Hundepension<\/span><\/h3>\n<p>[\/et_pb_text][et_pb_pricing_tables show_bullet=&#8220;off&#8220; _builder_version=&#8220;4.19.1&#8243; _module_preset=&#8220;default&#8220; global_colors_info=&#8220;{}&#8220;][et_pb_pricing_table title=&#8220;1 Hund&#8220; subtitle=&#8220;Pro Tag&#8220; sum=&#8220;33\u20ac &#8220; _builder_version=&#8220;4.27.4&#8243; _module_preset=&#8220;default&#8220; price_text_color=&#8220;#000000&#8243; body_font=&#8220;Lato||||||||&#8220; body_letter_spacing=&#8220;2px&#8220; price_font=&#8220;Lato||||||||&#8220; price_font_size=&#8220;65px&#8220; price_letter_spacing=&#8220;2px&#8220; currency_frequency_font=&#8220;Lato||||||||&#8220; currency_frequency_text_color=&#8220;#000000&#8243; currency_frequency_letter_spacing=&#8220;2px&#8220; hover_enabled=&#8220;0&#8243; global_colors_info=&#8220;{}&#8220; sticky_transition=&#8220;on&#8220; sticky_enabled=&#8220;0&#8243;]<\/p>\n<p>Bringen und zu Ihrem gew\u00fcnschten Termin abholen<\/p>\n<p>zzgl. 5\u20ac f\u00fcr Futter pro Tag<\/p>\n<p>zzgl. gesetzlicher MwSt.<\/p>\n<p>[\/et_pb_pricing_table][et_pb_pricing_table title=&#8220;2 Hunde&#8220; subtitle=&#8220;Pro Tag&#8220; sum=&#8220;60\u20ac&#8220; _builder_version=&#8220;4.19.1&#8243; _module_preset=&#8220;default&#8220; price_text_color=&#8220;#000000&#8243; body_font=&#8220;Lato||||||||&#8220; body_letter_spacing=&#8220;2px&#8220; price_font=&#8220;Lato||||||||&#8220; price_font_size=&#8220;65px&#8220; price_letter_spacing=&#8220;2px&#8220; currency_frequency_font=&#8220;Lato||||||||&#8220; currency_frequency_text_color=&#8220;#000000&#8243; currency_frequency_letter_spacing=&#8220;2px&#8220; global_colors_info=&#8220;{}&#8220; sticky_transition=&#8220;on&#8220;]<\/p>\n<p>Bringen und zu Ihrem gew\u00fcnschten Termin abholen<\/p>\n<p>zzgl. 5\u20ac f\u00fcr Futter pro Tag\/pro Hund<\/p>\n<p>zzgl. gesetzlicher MwSt.<\/p>\n<p>[\/et_pb_pricing_table][\/et_pb_pricing_tables][et_pb_text _builder_version=&#8220;4.19.1&#8243; _module_preset=&#8220;default&#8220; header_3_font=&#8220;Lato|700|||||||&#8220; header_3_text_color=&#8220;#FFFFFF&#8220; header_3_letter_spacing=&#8220;2px&#8220; header_4_font=&#8220;Lato|700|||||||&#8220; header_4_text_color=&#8220;#FFFFFF&#8220; header_4_letter_spacing=&#8220;2px&#8220; background_color=&#8220;#90b32f&#8220; min_height=&#8220;51px&#8220; custom_padding=&#8220;13px|16px|0px|16px|false|true&#8220; global_colors_info=&#8220;{}&#8220;]<\/p>\n<h3><span style=\"text-decoration: underline;\">Hundekita<\/span><\/h3>\n<p>[\/et_pb_text][\/et_pb_column][\/et_pb_row][et_pb_row _builder_version=&#8220;4.16&#8243; _module_preset=&#8220;default&#8220; custom_margin=&#8220;-10px|auto||auto||&#8220; custom_padding=&#8220;24px|||||&#8220; global_colors_info=&#8220;{}&#8220;][et_pb_column type=&#8220;4_4&#8243; _builder_version=&#8220;4.16&#8243; _module_preset=&#8220;default&#8220; global_colors_info=&#8220;{}&#8220;][et_pb_pricing_tables show_bullet=&#8220;off&#8220; _builder_version=&#8220;4.19.1&#8243; _module_preset=&#8220;default&#8220; global_colors_info=&#8220;{}&#8220;][et_pb_pricing_table title=&#8220;10er Tageskarte&#8220; subtitle=&#8220;g\u00fcltig NUR von Mo. &#8211; Fr.&#8220; sum=&#8220;320\u20ac&#8220; _builder_version=&#8220;4.19.1&#8243; _module_preset=&#8220;default&#8220; price_text_color=&#8220;#000000&#8243; body_font=&#8220;Lato||||||||&#8220; body_letter_spacing=&#8220;2px&#8220; price_font=&#8220;Lato||||||||&#8220; price_font_size=&#8220;65px&#8220; price_letter_spacing=&#8220;2px&#8220; currency_frequency_font=&#8220;Lato||||||||&#8220; currency_frequency_text_color=&#8220;#000000&#8243; currency_frequency_letter_spacing=&#8220;2px&#8220; global_colors_info=&#8220;{}&#8220; sticky_transition=&#8220;on&#8220;]<\/p>\n<p>Morgens bringen und Abends abholen<\/p>\n<p>inkl. Medikamentengabe bei F\u00fctterung wenn n\u00f6tig<\/p>\n<p>zzgl. gesetzlicher MwSt.<\/p>\n<p>[\/et_pb_pricing_table][et_pb_pricing_table title=&#8220;Weitere Leistungen und Tage auf Anfrage&#8220; subtitle=&#8220;Bitte dazu Kontakt aufnehmen&#8220; sum=&#8220;Auf Anfrage&#8220; _builder_version=&#8220;4.27.4&#8243; _module_preset=&#8220;default&#8220; price_text_color=&#8220;#000000&#8243; header_level=&#8220;h2&#8243; body_font=&#8220;Lato||||||||&#8220; body_letter_spacing=&#8220;2px&#8220; price_font=&#8220;Lato||||||||&#8220; price_font_size=&#8220;42px&#8220; price_letter_spacing=&#8220;2px&#8220; currency_frequency_font=&#8220;Lato||||||||&#8220; currency_frequency_text_color=&#8220;#000000&#8243; currency_frequency_letter_spacing=&#8220;2px&#8220; global_colors_info=&#8220;{}&#8220; sticky_transition=&#8220;on&#8220;][\/et_pb_pricing_table][\/et_pb_pricing_tables][\/et_pb_column][\/et_pb_row][et_pb_row _builder_version=&#8220;4.27.4&#8243; _module_preset=&#8220;default&#8220; global_colors_info=&#8220;{}&#8220;][et_pb_column type=&#8220;4_4&#8243; _builder_version=&#8220;4.27.4&#8243; _module_preset=&#8220;default&#8220; global_colors_info=&#8220;{}&#8220;][et_pb_text _builder_version=&#8220;4.27.4&#8243; _module_preset=&#8220;default&#8220; global_colors_info=&#8220;{}&#8220;]<\/p>\n<p style=\"text-align: center;\"><span style=\"text-decoration: underline;\"><strong>Anmerkung:<\/strong><\/span><\/p>\n<p style=\"text-align: center;\">Tiertaxi wird nach Aufwand berechnet<\/p>\n<p style=\"text-align: center;\">Tierarztbesuche werden nach Aufwand berechnet<\/p>\n<p>[\/et_pb_text][\/et_pb_column][\/et_pb_row][et_pb_row _builder_version=&#8220;4.27.4&#8243; _module_preset=&#8220;default&#8220; global_colors_info=&#8220;{}&#8220;][et_pb_column type=&#8220;4_4&#8243; _builder_version=&#8220;4.27.4&#8243; _module_preset=&#8220;default&#8220; global_colors_info=&#8220;{}&#8220;][et_pb_divider color=&#8220;#000000&#8243; divider_position=&#8220;center&#8220; divider_weight=&#8220;2px&#8220; _builder_version=&#8220;4.16&#8243; _module_preset=&#8220;default&#8220; locked=&#8220;off&#8220; global_colors_info=&#8220;{}&#8220;][\/et_pb_divider][et_pb_text _builder_version=&#8220;4.27.4&#8243; _module_preset=&#8220;default&#8220; hover_enabled=&#8220;0&#8243; global_colors_info=&#8220;{}&#8220; sticky_enabled=&#8220;0&#8243;]<\/p>\n<p style=\"text-align: center;\"><strong>Preisanpassung ab Juni 2026!<\/strong><strong>\u00a0<\/strong><\/p>\n<p style=\"text-align: center;\">Sie kennen mich, und wissen das ich immer auf Faire Preise setze.<\/p>\n<p style=\"text-align: center;\">Ich bem\u00fche mich stets um hochwertige Arbeit &amp;\u00a0 das alle sich bei uns wohl f\u00fchlen.<\/p>\n<p style=\"text-align: center;\">Gestiegene Versicherungskosten, uvm. zwingen uns nun unsere Preise gering anzupassen.<\/p>\n<p style=\"text-align: center;\"><strong>Wir bitten bitte um Verst\u00e4ndnis!<\/strong><\/p>\n<p>[\/et_pb_text][\/et_pb_column][\/et_pb_row][\/et_pb_section][et_pb_section fb_built=&#8220;1&#8243; _builder_version=&#8220;4.16&#8243; _module_preset=&#8220;default&#8220; custom_padding=&#8220;20px||0px|||&#8220; global_colors_info=&#8220;{}&#8220;][et_pb_row column_structure=&#8220;1_2,1_2&#8243; _builder_version=&#8220;4.16&#8243; _module_preset=&#8220;default&#8220; custom_padding=&#8220;||4px|||&#8220; global_colors_info=&#8220;{}&#8220;][et_pb_column type=&#8220;1_2&#8243; _builder_version=&#8220;4.16&#8243; _module_preset=&#8220;default&#8220; global_colors_info=&#8220;{}&#8220;][et_pb_image src=&#8220;https:\/\/danis-hundepension.de\/wp-content\/uploads\/2023\/11\/hund-Koffer-Bild-2.11.2023-Shotshop_9429978.jpg&#8220; title_text=&#8220;hund Koffer Bild &#8211; 2.11.2023-Shotshop_9429978&#8243; _builder_version=&#8220;4.22.0&#8243; _module_preset=&#8220;default&#8220; global_colors_info=&#8220;{}&#8220;][\/et_pb_image][\/et_pb_column][et_pb_column type=&#8220;1_2&#8243; _builder_version=&#8220;4.16&#8243; _module_preset=&#8220;default&#8220; global_colors_info=&#8220;{}&#8220;][et_pb_text _builder_version=&#8220;4.16&#8243; _module_preset=&#8220;default&#8220; global_colors_info=&#8220;{}&#8220;]<\/p>\n<h2><span style=\"text-decoration: underline;\">Preise &amp; Leistungen<\/span><\/h2>\n<p>Durch den st\u00e4ndigen Kontakt zwischen Ihnen und uns, k\u00f6nnen wir gemeinsam auf alle Situationen reagieren. Sollte es zu Versp\u00e4tungen &#8211; z.B. durch \u00f6ffentliche Verkehrsmittel &#8211; Ihrerseits kommen, k\u00f6nnen Sie Ihren Hund nach Absprache zu jeder Zeit abholen. Sie brauchen sich zu keiner Zeit Sorgen machen, ich habe immer eine helfende Hand f\u00fcr Sie bereit.<\/p>\n<p>Alle Preise verstehen sich pro angefangenem Kalendertag!<\/p>\n<p><strong>Info:<\/strong><\/p>\n<p>Wir f\u00fcttern nur artgerecht und w\u00fcrden uns freuen wenn Sie dem 100% Naturfutter zustimmen w\u00fcrden.<\/p>\n<p>Sollten Sie Ihrem Hund Xantarafutter verabreichen, k\u00f6nnen Sie dieses mitbringen, die Kosten f\u00fcr das Futter entfallen dann selbstverst\u00e4ndlich.<\/p>\n<p>&nbsp;<\/p>\n<p>[\/et_pb_text][\/et_pb_column][\/et_pb_row][et_pb_row _builder_version=&#8220;4.16&#8243; _module_preset=&#8220;default&#8220; global_colors_info=&#8220;{}&#8220;][et_pb_column type=&#8220;4_4&#8243; _builder_version=&#8220;4.16&#8243; _module_preset=&#8220;default&#8220; global_colors_info=&#8220;{}&#8220;][et_pb_divider color=&#8220;#000000&#8243; divider_position=&#8220;center&#8220; divider_weight=&#8220;2px&#8220; _builder_version=&#8220;4.16&#8243; _module_preset=&#8220;default&#8220; global_colors_info=&#8220;{}&#8220;][\/et_pb_divider][\/et_pb_column][\/et_pb_row][\/et_pb_section]<\/p>\n","protected":false},"excerpt":{"rendered":"<p>HundepensionBringen und zu Ihrem gew\u00fcnschten Termin abholen zzgl. 5\u20ac f\u00fcr Futter pro Tag zzgl. gesetzlicher MwSt.Bringen und zu Ihrem gew\u00fcnschten Termin abholen zzgl. 5\u20ac f\u00fcr Futter pro Tag\/pro Hund zzgl. gesetzlicher MwSt.HundekitaMorgens bringen und Abends abholen inkl. Medikamentengabe bei F\u00fctterung wenn n\u00f6tig zzgl. gesetzlicher MwSt.Anmerkung: Tiertaxi wird nach Aufwand berechnet Tierarztbesuche werden nach Aufwand berechnetPreisanpassung [&hellip;]<\/p>\n","protected":false},"author":3,"featured_media":0,"parent":0,"menu_order":0,"comment_status":"closed","ping_status":"closed","template":"","meta":{"_et_pb_use_builder":"on","_et_pb_old_content":"","_et_gb_content_width":"","footnotes":""},"class_list":["post-24","page","type-page","status-publish","hentry"],"_links":{"self":[{"href":"https:\/\/danis-hundepension.de\/index.php?rest_route=\/wp\/v2\/pages\/24","targetHints":{"allow":["GET"]}}],"collection":[{"href":"https:\/\/danis-hundepension.de\/index.php?rest_route=\/wp\/v2\/pages"}],"about":[{"href":"https:\/\/danis-hundepension.de\/index.php?rest_route=\/wp\/v2\/types\/page"}],"author":[{"embeddable":true,"href":"https:\/\/danis-hundepension.de\/index.php?rest_route=\/wp\/v2\/users\/3"}],"replies":[{"embeddable":true,"href":"https:\/\/danis-hundepension.de\/index.php?rest_route=%2Fwp%2Fv2%2Fcomments&post=24"}],"version-history":[{"count":29,"href":"https:\/\/danis-hundepension.de\/index.php?rest_route=\/wp\/v2\/pages\/24\/revisions"}],"predecessor-version":[{"id":462,"href":"https:\/\/danis-hundepension.de\/index.php?rest_route=\/wp\/v2\/pages\/24\/revisions\/462"}],"wp:attachment":[{"href":"https:\/\/danis-hundepension.de\/index.php?rest_route=%2Fwp%2Fv2%2Fmedia&parent=24"}],"curies":[{"name":"wp","href":"https:\/\/api.w.org\/{rel}","templated":true}]}}

<p>[et_pb_section fb_built=&#8220;1&#8243; _builder_version=&#8220;4.16&#8243; _module_preset=&#8220;default&#8220; custom_padding=&#8220;0px|||||&#8220; global_colors_info=&#8220;{}&#8220;][et_pb_row _builder_version=&#8220;4.16&#8243; _module_preset=&#8220;default&#8220; custom_margin=&#8220;|auto|-12px|auto||&#8220; global_colors_info=&#8220;{}&#8220;][et_pb_column type=&#8220;4_4&#8243; _builder_version=&#8220;4.16&#8243; _module_preset=&#8220;default&#8220; global_colors_info=&#8220;{}&#8220;][et_pb_text _builder_version=&#8220;4.19.1&#8243; _module_preset=&#8220;default&#8220; header_3_font=&#8220;Lato|700|||||||&#8220; header_3_text_color=&#8220;#FFFFFF&#8220; header_3_letter_spacing=&#8220;2px&#8220; header_4_font=&#8220;Lato|700|||||||&#8220; header_4_text_color=&#8220;#FFFFFF&#8220; header_4_letter_spacing=&#8220;2px&#8220; background_color=&#8220;#90b32f&#8220; min_height=&#8220;51px&#8220; custom_padding=&#8220;13px|16px|0px|16px|false|true&#8220; global_colors_info=&#8220;{}&#8220;]</p>
<h3><span style="text-decoration: underline;">Hundepension</span></h3>
<p>[/et_pb_text][et_pb_pricing_tables show_bullet=&#8220;off&#8220; _builder_version=&#8220;4.19.1&#8243; _module_preset=&#8220;default&#8220; global_colors_info=&#8220;{}&#8220;][et_pb_pricing_table title=&#8220;1 Hund&#8220; subtitle=&#8220;Pro Tag&#8220; sum=&#8220;33€ &#8220; _builder_version=&#8220;4.27.4&#8243; _module_preset=&#8220;default&#8220; price_text_color=&#8220;#000000&#8243; body_font=&#8220;Lato||||||||&#8220; body_letter_spacing=&#8220;2px&#8220; price_font=&#8220;Lato||||||||&#8220; price_font_size=&#8220;65px&#8220; price_letter_spacing=&#8220;2px&#8220; currency_frequency_font=&#8220;Lato||||||||&#8220; currency_frequency_text_color=&#8220;#000000&#8243; currency_frequency_letter_spacing=&#8220;2px&#8220; hover_enabled=&#8220;0&#8243; global_colors_info=&#8220;{}&#8220; sticky_transition=&#8220;on&#8220; sticky_enabled=&#8220;0&#8243;]</p>
<p>Bringen und zu Ihrem gewünschten Termin abholen</p>
<p>zzgl. 5€ für Futter pro Tag</p>
<p>zzgl. gesetzlicher MwSt.</p>
<p>[/et_pb_pricing_table][et_pb_pricing_table title=&#8220;2 Hunde&#8220; subtitle=&#8220;Pro Tag&#8220; sum=&#8220;60€&#8220; _builder_version=&#8220;4.19.1&#8243; _module_preset=&#8220;default&#8220; price_text_color=&#8220;#000000&#8243; body_font=&#8220;Lato||||||||&#8220; body_letter_spacing=&#8220;2px&#8220; price_font=&#8220;Lato||||||||&#8220; price_font_size=&#8220;65px&#8220; price_letter_spacing=&#8220;2px&#8220; currency_frequency_font=&#8220;Lato||||||||&#8220; currency_frequency_text_color=&#8220;#000000&#8243; currency_frequency_letter_spacing=&#8220;2px&#8220; global_colors_info=&#8220;{}&#8220; sticky_transition=&#8220;on&#8220;]</p>
<p>Bringen und zu Ihrem gewünschten Termin abholen</p>
<p>zzgl. 5€ für Futter pro Tag/pro Hund</p>
<p>zzgl. gesetzlicher MwSt.</p>
<p>[/et_pb_pricing_table][/et_pb_pricing_tables][et_pb_text _builder_version=&#8220;4.19.1&#8243; _module_preset=&#8220;default&#8220; header_3_font=&#8220;Lato|700|||||||&#8220; header_3_text_color=&#8220;#FFFFFF&#8220; header_3_letter_spacing=&#8220;2px&#8220; header_4_font=&#8220;Lato|700|||||||&#8220; header_4_text_color=&#8220;#FFFFFF&#8220; header_4_letter_spacing=&#8220;2px&#8220; background_color=&#8220;#90b32f&#8220; min_height=&#8220;51px&#8220; custom_padding=&#8220;13px|16px|0px|16px|false|true&#8220; global_colors_info=&#8220;{}&#8220;]</p>
<h3><span style="text-decoration: underline;">Hundekita</span></h3>
<p>[/et_pb_text][/et_pb_column][/et_pb_row][et_pb_row _builder_version=&#8220;4.16&#8243; _module_preset=&#8220;default&#8220; custom_margin=&#8220;-10px|auto||auto||&#8220; custom_padding=&#8220;24px|||||&#8220; global_colors_info=&#8220;{}&#8220;][et_pb_column type=&#8220;4_4&#8243; _builder_version=&#8220;4.16&#8243; _module_preset=&#8220;default&#8220; global_colors_info=&#8220;{}&#8220;][et_pb_pricing_tables show_bullet=&#8220;off&#8220; _builder_version=&#8220;4.19.1&#8243; _module_preset=&#8220;default&#8220; global_colors_info=&#8220;{}&#8220;][et_pb_pricing_table title=&#8220;10er Tageskarte&#8220; subtitle=&#8220;gültig NUR von Mo. &#8211; Fr.&#8220; sum=&#8220;320€&#8220; _builder_version=&#8220;4.19.1&#8243; _module_preset=&#8220;default&#8220; price_text_color=&#8220;#000000&#8243; body_font=&#8220;Lato||||||||&#8220; body_letter_spacing=&#8220;2px&#8220; price_font=&#8220;Lato||||||||&#8220; price_font_size=&#8220;65px&#8220; price_letter_spacing=&#8220;2px&#8220; currency_frequency_font=&#8220;Lato||||||||&#8220; currency_frequency_text_color=&#8220;#000000&#8243; currency_frequency_letter_spacing=&#8220;2px&#8220; global_colors_info=&#8220;{}&#8220; sticky_transition=&#8220;on&#8220;]</p>
<p>Morgens bringen und Abends abholen</p>
<p>inkl. Medikamentengabe bei Fütterung wenn nötig</p>
<p>zzgl. gesetzlicher MwSt.</p>
<p>[/et_pb_pricing_table][et_pb_pricing_table title=&#8220;Weitere Leistungen und Tage auf Anfrage&#8220; subtitle=&#8220;Bitte dazu Kontakt aufnehmen&#8220; sum=&#8220;Auf Anfrage&#8220; _builder_version=&#8220;4.27.4&#8243; _module_preset=&#8220;default&#8220; price_text_color=&#8220;#000000&#8243; header_level=&#8220;h2&#8243; body_font=&#8220;Lato||||||||&#8220; body_letter_spacing=&#8220;2px&#8220; price_font=&#8220;Lato||||||||&#8220; price_font_size=&#8220;42px&#8220; price_letter_spacing=&#8220;2px&#8220; currency_frequency_font=&#8220;Lato||||||||&#8220; currency_frequency_text_color=&#8220;#000000&#8243; currency_frequency_letter_spacing=&#8220;2px&#8220; global_colors_info=&#8220;{}&#8220; sticky_transition=&#8220;on&#8220;][/et_pb_pricing_table][/et_pb_pricing_tables][/et_pb_column][/et_pb_row][et_pb_row _builder_version=&#8220;4.27.4&#8243; _module_preset=&#8220;default&#8220; global_colors_info=&#8220;{}&#8220;][et_pb_column type=&#8220;4_4&#8243; _builder_version=&#8220;4.27.4&#8243; _module_preset=&#8220;default&#8220; global_colors_info=&#8220;{}&#8220;][et_pb_text _builder_version=&#8220;4.27.4&#8243; _module_preset=&#8220;default&#8220; global_colors_info=&#8220;{}&#8220;]</p>
<p style="text-align: center;"><span style="text-decoration: underline;"><strong>Anmerkung:</strong></span></p>
<p style="text-align: center;">Tiertaxi wird nach Aufwand berechnet</p>
<p style="text-align: center;">Tierarztbesuche werden nach Aufwand berechnet</p>
<p>[/et_pb_text][/et_pb_column][/et_pb_row][et_pb_row _builder_version=&#8220;4.27.4&#8243; _module_preset=&#8220;default&#8220; global_colors_info=&#8220;{}&#8220;][et_pb_column type=&#8220;4_4&#8243; _builder_version=&#8220;4.27.4&#8243; _module_preset=&#8220;default&#8220; global_colors_info=&#8220;{}&#8220;][et_pb_divider color=&#8220;#000000&#8243; divider_position=&#8220;center&#8220; divider_weight=&#8220;2px&#8220; _builder_version=&#8220;4.16&#8243; _module_preset=&#8220;default&#8220; locked=&#8220;off&#8220; global_colors_info=&#8220;{}&#8220;][/et_pb_divider][et_pb_text _builder_version=&#8220;4.27.4&#8243; _module_preset=&#8220;default&#8220; hover_enabled=&#8220;0&#8243; global_colors_info=&#8220;{}&#8220; sticky_enabled=&#8220;0&#8243;]</p>
<p style="text-align: center;"><strong>Preisanpassung ab Juni 2026!</strong><strong> </strong></p>
<p style="text-align: center;">Sie kennen mich, und wissen das ich immer auf Faire Preise setze.</p>
<p style="text-align: center;">Ich bemühe mich stets um hochwertige Arbeit &amp;  das alle sich bei uns wohl fühlen.</p>
<p style="text-align: center;">Gestiegene Versicherungskosten, uvm. zwingen uns nun unsere Preise gering anzupassen.</p>
<p style="text-align: center;"><strong>Wir bitten bitte um Verständnis!</strong></p>
<p>[/et_pb_text][/et_pb_column][/et_pb_row][/et_pb_section][et_pb_section fb_built=&#8220;1&#8243; _builder_version=&#8220;4.16&#8243; _module_preset=&#8220;default&#8220; custom_padding=&#8220;20px||0px|||&#8220; global_colors_info=&#8220;{}&#8220;][et_pb_row column_structure=&#8220;1_2,1_2&#8243; _builder_version=&#8220;4.16&#8243; _module_preset=&#8220;default&#8220; custom_padding=&#8220;||4px|||&#8220; global_colors_info=&#8220;{}&#8220;][et_pb_column type=&#8220;1_2&#8243; _builder_version=&#8220;4.16&#8243; _module_preset=&#8220;default&#8220; global_colors_info=&#8220;{}&#8220;][et_pb_image src=&#8220;https://danis-hundepension.de/wp-content/uploads/2023/11/hund-Koffer-Bild-2.11.2023-Shotshop_9429978.jpg&#8220; title_text=&#8220;hund Koffer Bild &#8211; 2.11.2023-Shotshop_9429978&#8243; _builder_version=&#8220;4.22.0&#8243; _module_preset=&#8220;default&#8220; global_colors_info=&#8220;{}&#8220;][/et_pb_image][/et_pb_column][et_pb_column type=&#8220;1_2&#8243; _builder_version=&#8220;4.16&#8243; _module_preset=&#8220;default&#8220; global_colors_info=&#8220;{}&#8220;][et_pb_text _builder_version=&#8220;4.16&#8243; _module_preset=&#8220;default&#8220; global_colors_info=&#8220;{}&#8220;]</p>
<h2><span style="text-decoration: underline;">Preise &amp; Leistungen</span></h2>
<p>Durch den ständigen Kontakt zwischen Ihnen und uns, können wir gemeinsam auf alle Situationen reagieren. Sollte es zu Verspätungen &#8211; z.B. durch öffentliche Verkehrsmittel &#8211; Ihrerseits kommen, können Sie Ihren Hund nach Absprache zu jeder Zeit abholen. Sie brauchen sich zu keiner Zeit Sorgen machen, ich habe immer eine helfende Hand für Sie bereit.</p>
<p>Alle Preise verstehen sich pro angefangenem Kalendertag!</p>
<p><strong>Info:</strong></p>
<p>Wir füttern nur artgerecht und würden uns freuen wenn Sie dem 100% Naturfutter zustimmen würden.</p>
<p>Sollten Sie Ihrem Hund Xantarafutter verabreichen, können Sie dieses mitbringen, die Kosten für das Futter entfallen dann selbstverständlich.</p>
<p>&nbsp;</p>
<p>[/et_pb_text][/et_pb_column][/et_pb_row][et_pb_row _builder_version=&#8220;4.16&#8243; _module_preset=&#8220;default&#8220; global_colors_info=&#8220;{}&#8220;][et_pb_column type=&#8220;4_4&#8243; _builder_version=&#8220;4.16&#8243; _module_preset=&#8220;default&#8220; global_colors_info=&#8220;{}&#8220;][et_pb_divider color=&#8220;#000000&#8243; divider_position=&#8220;center&#8220; divider_weight=&#8220;2px&#8220; _builder_version=&#8220;4.16&#8243; _module_preset=&#8220;default&#8220; global_colors_info=&#8220;{}&#8220;][/et_pb_divider][/et_pb_column][/et_pb_row][/et_pb_section]</p>

<p>HundepensionBringen und zu Ihrem gewünschten Termin abholen zzgl. 5€ für Futter pro Tag zzgl. gesetzlicher MwSt.Bringen und zu Ihrem gewünschten Termin abholen zzgl. 5€ für Futter pro Tag/pro Hund zzgl. gesetzlicher MwSt.HundekitaMorgens bringen und Abends abholen inkl. Medikamentengabe bei Fütterung wenn nötig zzgl. gesetzlicher MwSt.Anmerkung: Tiertaxi wird nach Aufwand berechnet Tierarztbesuche werden nach Aufwand berechnetPreisanpassung [&hellip;]</p>
