{"id":215,"date":"2023-01-09T08:22:43","date_gmt":"2023-01-09T07:22:43","guid":{"rendered":"https:\/\/danis-hundepension.de\/?page_id=215"},"modified":"2023-01-09T10:32:16","modified_gmt":"2023-01-09T09:32:16","slug":"ernaehrung-pflege","status":"publish","type":"page","link":"https:\/\/danis-hundepension.de\/?page_id=215","title":{"rendered":"Ern\u00e4hrung &#038; Pflege"},"content":{"rendered":"<p>[et_pb_section fb_built=&#8220;1&#8243; _builder_version=&#8220;4.19.1&#8243; _module_preset=&#8220;default&#8220; global_colors_info=&#8220;{}&#8220; custom_padding=&#8220;||2px|||&#8220;][et_pb_row _builder_version=&#8220;4.19.1&#8243; _module_preset=&#8220;default&#8220; hover_enabled=&#8220;0&#8243; global_colors_info=&#8220;{}&#8220; sticky_enabled=&#8220;0&#8243;][et_pb_column type=&#8220;4_4&#8243; _builder_version=&#8220;4.19.1&#8243; _module_preset=&#8220;default&#8220; global_colors_info=&#8220;{}&#8220;][et_pb_text _builder_version=&#8220;4.19.1&#8243; _module_preset=&#8220;default&#8220; header_3_font=&#8220;Lato|700|||||||&#8220; header_3_text_color=&#8220;#FFFFFF&#8220; header_3_letter_spacing=&#8220;2px&#8220; header_4_font=&#8220;Lato|700|||||||&#8220; header_4_text_color=&#8220;#FFFFFF&#8220; header_4_letter_spacing=&#8220;2px&#8220; background_color=&#8220;#90b32f&#8220; min_height=&#8220;51px&#8220; custom_padding=&#8220;13px|16px|7px|16px|false|true&#8220; hover_enabled=&#8220;0&#8243; global_colors_info=&#8220;{}&#8220; sticky_enabled=&#8220;0&#8243;]<\/p>\n<h1>Ern\u00e4hrung und Pflege<\/h1>\n<p>[\/et_pb_text][\/et_pb_column][\/et_pb_row][et_pb_row column_structure=&#8220;1_2,1_2&#8243; _builder_version=&#8220;4.19.1&#8243; _module_preset=&#8220;default&#8220; hover_enabled=&#8220;0&#8243; custom_css_main_element=&#8220;display: flex;||flex-wrap: wrap;||align-items: center;&#8220; global_colors_info=&#8220;{}&#8220; sticky_enabled=&#8220;0&#8243;][et_pb_column type=&#8220;1_2&#8243; _builder_version=&#8220;4.19.1&#8243; _module_preset=&#8220;default&#8220; global_colors_info=&#8220;{}&#8220;][et_pb_image src=&#8220;https:\/\/danis-hundepension.de\/wp-content\/uploads\/2023\/01\/dog-with-cheese-scaled.jpeg&#8220; title_text=&#8220;beagle and cheese&#8220; _builder_version=&#8220;4.19.1&#8243; _module_preset=&#8220;default&#8220; global_colors_info=&#8220;{}&#8220;][\/et_pb_image][\/et_pb_column][et_pb_column type=&#8220;1_2&#8243; _builder_version=&#8220;4.19.1&#8243; _module_preset=&#8220;default&#8220; global_colors_info=&#8220;{}&#8220;][et_pb_text _builder_version=&#8220;4.19.1&#8243; _module_preset=&#8220;default&#8220; text_font=&#8220;Lato||||||||&#8220; text_letter_spacing=&#8220;1px&#8220; hover_enabled=&#8220;0&#8243; global_colors_info=&#8220;{}&#8220; sticky_enabled=&#8220;0&#8243;]<\/p>\n<h3>K\u00e4se f\u00fcr Hunde<\/h3>\n<p>Sofern dein Hund K\u00e4se mag und du eine Sorte gefunden hast die er gut vertr\u00e4gt, dann spricht nichts dagegen, ihm ab und an ein St\u00fcckchen K\u00e4se als Leckerchen zu geben. Noch besser ist es, wenn Du kleine St\u00fcckchen Hart- oder Schnittk\u00e4se als Belohnungshappen &#8211; nicht als Hauptmahlzeit &#8211; im Training verwendest, denn so kannst Du Deinen Sportsfreund zu ungeahnten Leistungen animieren.<\/p>\n<p>Auch der Gehalt an wichtigen <em><strong>Mineralstoffen<\/strong><\/em> wie <em><strong>Kalzium<\/strong> <\/em>oder <em><strong>Magnesium<\/strong> <\/em>ist in lang gereiften K\u00e4sesorten durch den weitgehenden Entzug von Feuchtigkeit besonders hoch. <em><strong>Kalzium<\/strong> <\/em>ist wichtig f\u00fcr die <em><strong>Knochen<\/strong><\/em>, <em><strong>Magnesium<\/strong> <\/em>f\u00fcr die <em><strong>Muskeln<\/strong> <\/em>und sogar ein <em><strong>reinigender Effekt f\u00fcr die Z\u00e4hne<\/strong><\/em> wird den harten K\u00e4sebrocken zuweilen zugeschrieben.<\/p>\n<p>[\/et_pb_text][\/et_pb_column][\/et_pb_row][et_pb_row _builder_version=&#8220;4.19.1&#8243; _module_preset=&#8220;default&#8220;][et_pb_column _builder_version=&#8220;4.19.1&#8243; _module_preset=&#8220;default&#8220; type=&#8220;4_4&#8243;][et_pb_divider _builder_version=&#8220;4.19.1&#8243; _module_preset=&#8220;default&#8220; hover_enabled=&#8220;0&#8243; sticky_enabled=&#8220;0&#8243; divider_position=&#8220;center&#8220; color=&#8220;#90b32f&#8220; divider_weight=&#8220;2px&#8220;][\/et_pb_divider][\/et_pb_column][\/et_pb_row][et_pb_row _builder_version=&#8220;4.19.1&#8243; _module_preset=&#8220;default&#8220; column_structure=&#8220;1_3,1_3,1_3&#8243;][et_pb_column _builder_version=&#8220;4.19.1&#8243; _module_preset=&#8220;default&#8220; type=&#8220;1_3&#8243;][et_pb_icon _builder_version=&#8220;4.19.1&#8243; _module_preset=&#8220;default&#8220; font_icon=&#8220;&#x4e;||divi||400&#8243; icon_color=&#8220;#FFFFFF&#8220; hover_enabled=&#8220;0&#8243; sticky_enabled=&#8220;0&#8243; custom_css_main_element=&#8220;background: #90b32f&#8220; custom_padding=&#8220;16px||16px||true|false&#8220;][\/et_pb_icon][et_pb_text _builder_version=&#8220;4.19.1&#8243; _module_preset=&#8220;default&#8220; background_color=&#8220;#cccccc&#8220; hover_enabled=&#8220;0&#8243; sticky_enabled=&#8220;0&#8243; custom_margin=&#8220;-29px||||false|&#8220; custom_padding=&#8220;16px||7px||false|true&#8220; header_4_font=&#8220;Lato||||||||&#8220; header_4_letter_spacing=&#8220;1px&#8220; header_4_line_height=&#8220;1.5em&#8220; box_shadow_style=&#8220;preset3&#8243;]<\/p>\n<h4 class=\"et_pb_module_header et-fb-editable-element et-fb-editable-element__editing\" data-shortcode-id=\"1.3.0.0-1673253165406\" data-quickaccess-id=\"header\" style=\"text-align: center;\" contenteditable=\"true\">Diese K\u00e4sesorten sind geeignet:<\/h4>\n<p>[\/et_pb_text][et_pb_text _builder_version=&#8220;4.19.1&#8243; _module_preset=&#8220;default&#8220; hover_enabled=&#8220;0&#8243; sticky_enabled=&#8220;0&#8243; text_font=&#8220;Lato||||||||&#8220; text_letter_spacing=&#8220;1px&#8220;]<\/p>\n<ul>\n<li>Parmesan<\/li>\n<li>Pecorino<\/li>\n<li>Grana Padano<\/li>\n<li>Bergk\u00e4se<\/li>\n<li>Appenzeller<\/li>\n<li>Emmentaler<\/li>\n<li>Gouda<\/li>\n<li>Cheddar<\/li>\n<li>Edamer<\/li>\n<li>Ziegenk\u00e4se<\/li>\n<\/ul>\n<p>[\/et_pb_text][\/et_pb_column][et_pb_column _builder_version=&#8220;4.19.1&#8243; _module_preset=&#8220;default&#8220; type=&#8220;1_3&#8243;][et_pb_icon _builder_version=&#8220;4.19.1&#8243; _module_preset=&#8220;default&#8220; font_icon=&#8220;&#xf00d;||fa||900&#8243; icon_color=&#8220;#E02B20&#8243; hover_enabled=&#8220;0&#8243; sticky_enabled=&#8220;0&#8243; custom_css_main_element=&#8220;background: #90b32f&#8220; locked=&#8220;off&#8220; custom_padding=&#8220;16px||16px||true|false&#8220;][\/et_pb_icon][et_pb_text _builder_version=&#8220;4.19.1&#8243; _module_preset=&#8220;default&#8220; background_color=&#8220;#cccccc&#8220; hover_enabled=&#8220;0&#8243; sticky_enabled=&#8220;0&#8243; custom_margin=&#8220;-29px||||false|&#8220; custom_padding=&#8220;16px||7px||false|true&#8220; header_font=&#8220;Lato||||||||&#8220; header_letter_spacing=&#8220;1px&#8220; header_4_font=&#8220;Lato||||||||&#8220; header_4_letter_spacing=&#8220;1px&#8220; header_4_line_height=&#8220;1.5em&#8220; box_shadow_style=&#8220;preset3&#8243;]<\/p>\n<h4 class=\"et_pb_module_header et-fb-editable-element et-fb-editable-element__editing\" data-shortcode-id=\"1.3.0.0-1673253165406\" data-quickaccess-id=\"header\" style=\"text-align: center;\" contenteditable=\"true\">Diese K\u00e4sesorten sind NICHT geeignet:<\/h4>\n<p>[\/et_pb_text][et_pb_text _builder_version=&#8220;4.19.1&#8243; _module_preset=&#8220;default&#8220; hover_enabled=&#8220;0&#8243; sticky_enabled=&#8220;0&#8243; text_font=&#8220;Lato||||||||&#8220; text_letter_spacing=&#8220;1px&#8220;]<\/p>\n<ul>\n<li>Gorgonzola<\/li>\n<li>Roquefort<\/li>\n<li>Stilton<\/li>\n<li>Mozzarella<\/li>\n<li>K\u00e4se aus frischer Milch<\/li>\n<li>Kochk\u00e4se<\/li>\n<li>Schichtk\u00e4se<\/li>\n<li>Schmelzk\u00e4sezubereitung<\/li>\n<\/ul>\n<p>[\/et_pb_text][\/et_pb_column][et_pb_column _builder_version=&#8220;4.19.1&#8243; _module_preset=&#8220;default&#8220; type=&#8220;1_3&#8243;][et_pb_icon _builder_version=&#8220;4.19.1&#8243; _module_preset=&#8220;default&#8220; font_icon=&#8220;&#xf12a;||fa||900&#8243; icon_color=&#8220;#FFFFFF&#8220; hover_enabled=&#8220;0&#8243; sticky_enabled=&#8220;0&#8243; custom_css_main_element=&#8220;background: #90b32f&#8220; custom_padding=&#8220;16px||16px||true|false&#8220;][\/et_pb_icon][et_pb_text _builder_version=&#8220;4.19.1&#8243; _module_preset=&#8220;default&#8220; background_color=&#8220;#cccccc&#8220; hover_enabled=&#8220;0&#8243; sticky_enabled=&#8220;0&#8243; custom_margin=&#8220;-29px||||false|&#8220; custom_padding=&#8220;16px||7px||false|true&#8220; header_4_font=&#8220;Lato||||||||&#8220; header_4_letter_spacing=&#8220;1px&#8220; header_4_line_height=&#8220;1.5em&#8220; header_font=&#8220;Lato||||||||&#8220; header_line_height=&#8220;1.5em&#8220; header_letter_spacing=&#8220;1px&#8220; box_shadow_style=&#8220;preset3&#8243;]<\/p>\n<h4 class=\"et_pb_module_header et-fb-editable-element et-fb-editable-element__editing\" data-shortcode-id=\"1.3.0.0-1673253165406\" data-quickaccess-id=\"header\" style=\"text-align: center;\" contenteditable=\"true\">Wissenswert<\/h4>\n<p>[\/et_pb_text][et_pb_text _builder_version=&#8220;4.19.1&#8243; _module_preset=&#8220;default&#8220; hover_enabled=&#8220;0&#8243; sticky_enabled=&#8220;0&#8243; text_font=&#8220;Lato||||||||&#8220; text_letter_spacing=&#8220;1px&#8220;]<\/p>\n<p>Ungeeignet f\u00fcr den Hund ist auch die K\u00e4serinde, da sie durch den Her- stellungsprozess besonders viel Salz enth\u00e4lt und oft auch mit Wachsen, Kunststoffen oder sogar mit Medikamenten wie Antibiotika behandelt wird.<\/p>\n<p>[\/et_pb_text][\/et_pb_column][\/et_pb_row][et_pb_row _builder_version=&#8220;4.19.1&#8243; _module_preset=&#8220;default&#8220;][et_pb_column _builder_version=&#8220;4.19.1&#8243; _module_preset=&#8220;default&#8220; type=&#8220;4_4&#8243;][et_pb_divider _builder_version=&#8220;4.19.1&#8243; _module_preset=&#8220;default&#8220; hover_enabled=&#8220;0&#8243; sticky_enabled=&#8220;0&#8243; divider_position=&#8220;center&#8220; color=&#8220;#90b32f&#8220; divider_weight=&#8220;2px&#8220; locked=&#8220;off&#8220;][\/et_pb_divider][\/et_pb_column][\/et_pb_row][et_pb_row _builder_version=&#8220;4.19.1&#8243; _module_preset=&#8220;default&#8220; column_structure=&#8220;1_2,1_2&#8243; hover_enabled=&#8220;0&#8243; sticky_enabled=&#8220;0&#8243;][et_pb_column _builder_version=&#8220;4.19.1&#8243; _module_preset=&#8220;default&#8220; type=&#8220;1_2&#8243;][et_pb_image src=&#8220;https:\/\/danis-hundepension.de\/wp-content\/uploads\/2023\/01\/dog_fruit-scaled.jpeg&#8220; _builder_version=&#8220;4.19.1&#8243; _module_preset=&#8220;default&#8220; hover_enabled=&#8220;0&#8243; sticky_enabled=&#8220;0&#8243; title_text=&#8220;funny golden retriever dog holding watermelon slice in mouth&#8220;][\/et_pb_image][\/et_pb_column][et_pb_column _builder_version=&#8220;4.19.1&#8243; _module_preset=&#8220;default&#8220; type=&#8220;1_2&#8243;][et_pb_text _builder_version=&#8220;4.19.1&#8243; _module_preset=&#8220;default&#8220; sticky_enabled=&#8220;0&#8243; text_font=&#8220;Lato||||||||&#8220; text_letter_spacing=&#8220;1px&#8220;]<\/p>\n<h3>Obst f\u00fcr Hunde<\/h3>\n<p>Es ist nicht jedes Obst f\u00fcr Hunde gesund! Die Medizin und ich warnen besonders vor Weintrauben. Diese ist f\u00fcr Hunde verboten! Dazu gibt es zahlreiche Untersuchungen, die belegen, dass \u00fcber die H\u00e4lfte der Hunde nach dem Verzehr von Weintrauben oder Rosinen sterben.<\/p>\n<p><strong>Weintrauben darf Ihr Hund auf keinen Fall fressen!<\/strong><\/p>\n<p>[\/et_pb_text][\/et_pb_column][\/et_pb_row][\/et_pb_section][et_pb_section fb_built=&#8220;1&#8243; theme_builder_area=&#8220;post_content&#8220; specialty=&#8220;on&#8220; _builder_version=&#8220;4.19.1&#8243; _module_preset=&#8220;default&#8220; custom_padding=&#8220;0px||||false|false&#8220; hover_enabled=&#8220;0&#8243; sticky_enabled=&#8220;0&#8243;][et_pb_column type=&#8220;1_4&#8243; theme_builder_area=&#8220;post_content&#8220;][et_pb_icon _builder_version=&#8220;4.19.1&#8243; _module_preset=&#8220;default&#8220; theme_builder_area=&#8220;post_content&#8220; font_icon=&#8220;&#xf00d;||fa||900&#8243; custom_css_main_element=&#8220;background: #90b32f;&#8220; icon_color=&#8220;#E02B20&#8243; hover_enabled=&#8220;0&#8243; sticky_enabled=&#8220;0&#8243;][\/et_pb_icon][et_pb_text _builder_version=&#8220;4.19.1&#8243; _module_preset=&#8220;default&#8220; theme_builder_area=&#8220;post_content&#8220; sticky_enabled=&#8220;0&#8243; background_color=&#8220;#cccccc&#8220; custom_margin=&#8220;-30px||||false|false&#8220; custom_padding=&#8220;16px||7px||false|true&#8220; header_4_font=&#8220;Lato||||||||&#8220; header_4_letter_spacing=&#8220;1px&#8220; header_4_line_height=&#8220;1.5em&#8220; box_shadow_style=&#8220;preset3&#8243; text_font=&#8220;Lato||||||||&#8220; text_letter_spacing=&#8220;1px&#8220; text_orientation=&#8220;center&#8220; hover_enabled=&#8220;0&#8243;]<\/p>\n<h4>Diese Obstsorte ist NICHT geeignet:<\/h4>\n<p>[\/et_pb_text][et_pb_text _builder_version=&#8220;4.19.1&#8243; _module_preset=&#8220;default&#8220; theme_builder_area=&#8220;post_content&#8220; sticky_enabled=&#8220;0&#8243; text_font=&#8220;Lato||||||||&#8220; text_letter_spacing=&#8220;1px&#8220; hover_enabled=&#8220;0&#8243; module_alignment=&#8220;center&#8220; max_width=&#8220;75%&#8220;]<\/p>\n<h4 style=\"text-align: center;\">Weintrauben<\/h4>\n<p>[\/et_pb_text][\/et_pb_column][et_pb_column type=&#8220;3_4&#8243; specialty_columns=&#8220;3&#8243; theme_builder_area=&#8220;post_content&#8220;][et_pb_row_inner _builder_version=&#8220;4.19.1&#8243; _module_preset=&#8220;default&#8220; theme_builder_area=&#8220;post_content&#8220;][et_pb_column_inner saved_specialty_column_type=&#8220;3_4&#8243; _builder_version=&#8220;4.19.1&#8243; _module_preset=&#8220;default&#8220; theme_builder_area=&#8220;post_content&#8220;][et_pb_icon _builder_version=&#8220;4.19.1&#8243; _module_preset=&#8220;default&#8220; theme_builder_area=&#8220;post_content&#8220; font_icon=&#8220;&#x4e;||divi||400&#8243; hover_enabled=&#8220;0&#8243; sticky_enabled=&#8220;0&#8243; custom_css_main_element=&#8220;background: #90b32f;&#8220; icon_color=&#8220;#FFFFFF&#8220;][\/et_pb_icon][et_pb_text _builder_version=&#8220;4.19.1&#8243; _module_preset=&#8220;default&#8220; background_color=&#8220;#cccccc&#8220; hover_enabled=&#8220;0&#8243; sticky_enabled=&#8220;0&#8243; custom_margin=&#8220;-30px||||false|&#8220; custom_padding=&#8220;16px||7px||false|true&#8220; header_font=&#8220;Lato||||||||&#8220; header_letter_spacing=&#8220;1px&#8220; header_4_font=&#8220;Lato||||||||&#8220; header_4_letter_spacing=&#8220;1px&#8220; header_4_line_height=&#8220;1.5em&#8220; box_shadow_style=&#8220;preset3&#8243; locked=&#8220;off&#8220; theme_builder_area=&#8220;post_content&#8220;]<\/p>\n<h4 class=\"et_pb_module_header et-fb-editable-element et-fb-editable-element__editing\" data-shortcode-id=\"1.3.0.0-1673253165406\" data-quickaccess-id=\"header\" style=\"text-align: center;\" contenteditable=\"true\">Diese Obstsorten sind geeignet:<\/h4>\n<p>[\/et_pb_text][\/et_pb_column_inner][\/et_pb_row_inner][et_pb_row_inner _builder_version=&#8220;4.19.1&#8243; _module_preset=&#8220;default&#8220; theme_builder_area=&#8220;post_content&#8220; column_structure=&#8220;1_2,1_2&#8243; hover_enabled=&#8220;0&#8243; sticky_enabled=&#8220;0&#8243; use_custom_gutter=&#8220;on&#8220; gutter_width=&#8220;1&#8243;][et_pb_column_inner saved_specialty_column_type=&#8220;3_4&#8243; _builder_version=&#8220;4.19.1&#8243; _module_preset=&#8220;default&#8220; type=&#8220;1_2&#8243; theme_builder_area=&#8220;post_content&#8220;][et_pb_text _builder_version=&#8220;4.19.1&#8243; _module_preset=&#8220;default&#8220; theme_builder_area=&#8220;post_content&#8220; sticky_enabled=&#8220;0&#8243; text_font=&#8220;Lato||||||||&#8220; text_letter_spacing=&#8220;1px&#8220; hover_enabled=&#8220;0&#8243; max_width=&#8220;75%&#8220; module_alignment=&#8220;center&#8220;]<\/p>\n<h4 style=\"text-align: left;\"><strong>Einheimische Obstsorten<\/strong><\/h4>\n<ul>\n<li style=\"text-align: left;\">\u00c4pfel<\/li>\n<li style=\"text-align: left;\">Birnen<\/li>\n<li style=\"text-align: left;\">Erdbeeren<\/li>\n<li style=\"text-align: left;\">Heidelbeeren<\/li>\n<li style=\"text-align: left;\">Himbeeren<\/li>\n<li style=\"text-align: left;\">Kirschen<\/li>\n<\/ul>\n<p>[\/et_pb_text][\/et_pb_column_inner][et_pb_column_inner saved_specialty_column_type=&#8220;3_4&#8243; _builder_version=&#8220;4.19.1&#8243; _module_preset=&#8220;default&#8220; type=&#8220;1_2&#8243; theme_builder_area=&#8220;post_content&#8220;][et_pb_text _builder_version=&#8220;4.19.1&#8243; _module_preset=&#8220;default&#8220; theme_builder_area=&#8220;post_content&#8220; hover_enabled=&#8220;0&#8243; sticky_enabled=&#8220;0&#8243; max_width=&#8220;75%&#8220; module_alignment=&#8220;center&#8220;]<\/p>\n<h4><strong>S\u00fcdfr\u00fcchte &#8211; Exotisches Obst<\/strong><\/h4>\n<ul>\n<li>Ananas<\/li>\n<li>Bananen<\/li>\n<li>Cranbeery<\/li>\n<li>Mandarinen<\/li>\n<li>Mango<\/li>\n<li>Melone<\/li>\n<li>Orange<\/li>\n<\/ul>\n<p>[\/et_pb_text][\/et_pb_column_inner][\/et_pb_row_inner][\/et_pb_column][\/et_pb_section]<\/p>\n","protected":false},"excerpt":{"rendered":"<p>Ern\u00e4hrung und PflegeK\u00e4se f\u00fcr Hunde Sofern dein Hund K\u00e4se mag und du eine Sorte gefunden hast die er gut vertr\u00e4gt, dann spricht nichts dagegen, ihm ab und an ein St\u00fcckchen K\u00e4se als Leckerchen zu geben. Noch besser ist es, wenn Du kleine St\u00fcckchen Hart- oder Schnittk\u00e4se als Belohnungshappen &#8211; nicht als Hauptmahlzeit &#8211; im Training [&hellip;]<\/p>\n","protected":false},"author":3,"featured_media":0,"parent":0,"menu_order":0,"comment_status":"closed","ping_status":"closed","template":"","meta":{"_et_pb_use_builder":"on","_et_pb_old_content":"","_et_gb_content_width":"","footnotes":""},"class_list":["post-215","page","type-page","status-publish","hentry"],"_links":{"self":[{"href":"https:\/\/danis-hundepension.de\/index.php?rest_route=\/wp\/v2\/pages\/215","targetHints":{"allow":["GET"]}}],"collection":[{"href":"https:\/\/danis-hundepension.de\/index.php?rest_route=\/wp\/v2\/pages"}],"about":[{"href":"https:\/\/danis-hundepension.de\/index.php?rest_route=\/wp\/v2\/types\/page"}],"author":[{"embeddable":true,"href":"https:\/\/danis-hundepension.de\/index.php?rest_route=\/wp\/v2\/users\/3"}],"replies":[{"embeddable":true,"href":"https:\/\/danis-hundepension.de\/index.php?rest_route=%2Fwp%2Fv2%2Fcomments&post=215"}],"version-history":[{"count":22,"href":"https:\/\/danis-hundepension.de\/index.php?rest_route=\/wp\/v2\/pages\/215\/revisions"}],"predecessor-version":[{"id":258,"href":"https:\/\/danis-hundepension.de\/index.php?rest_route=\/wp\/v2\/pages\/215\/revisions\/258"}],"wp:attachment":[{"href":"https:\/\/danis-hundepension.de\/index.php?rest_route=%2Fwp%2Fv2%2Fmedia&parent=215"}],"curies":[{"name":"wp","href":"https:\/\/api.w.org\/{rel}","templated":true}]}}