{"id":138,"date":"2022-11-21T10:49:36","date_gmt":"2022-11-21T09:49:36","guid":{"rendered":"https:\/\/danis-hundepension.de\/?page_id=138"},"modified":"2025-06-27T11:43:11","modified_gmt":"2025-06-27T09:43:11","slug":"buchungsvertrag","status":"publish","type":"page","link":"https:\/\/danis-hundepension.de\/?page_id=138","title":{"rendered":"Buchungsvertrag"},"content":{"rendered":"<p>[et_pb_section fb_built=&#8220;1&#8243; _builder_version=&#8220;4.19.1&#8243; _module_preset=&#8220;default&#8220; global_colors_info=&#8220;{}&#8220;][et_pb_row column_structure=&#8220;1_2,1_2&#8243; _builder_version=&#8220;4.19.1&#8243; _module_preset=&#8220;default&#8220; global_colors_info=&#8220;{}&#8220;][et_pb_column type=&#8220;1_2&#8243; _builder_version=&#8220;4.19.1&#8243; _module_preset=&#8220;default&#8220; global_colors_info=&#8220;{}&#8220;][et_pb_image src=&#8220;https:\/\/danis-hundepension.de\/wp-content\/uploads\/2023\/11\/hund-im-koffer-bild-2.11.2023-Shotshop_489909124.jpg&#8220; title_text=&#8220;hund im koffer bild 2.11.2023 &#8211; Shotshop_489909124&#8243; _builder_version=&#8220;4.22.0&#8243; _module_preset=&#8220;default&#8220; global_colors_info=&#8220;{}&#8220;][\/et_pb_image][\/et_pb_column][et_pb_column type=&#8220;1_2&#8243; _builder_version=&#8220;4.19.1&#8243; _module_preset=&#8220;default&#8220; global_colors_info=&#8220;{}&#8220;][et_pb_text _builder_version=&#8220;4.19.1&#8243; _module_preset=&#8220;default&#8220; global_colors_info=&#8220;{}&#8220;]<\/p>\n<h1>Der <span style=\"color: #90b32f\">Vertrag<\/span> zum Download<\/h1>\n<p>F\u00fcr eine schnelle Bearbeitung brauchen Sie nur den Hundepensionsvertrag drucken, ausf\u00fcllen, unterschreiben und an unsere E-Mail: <a href=\"mailto:info@danis-hundepension.de\">info@danis-hundepension.de<\/a> schicken.<\/p>\n<p>[\/et_pb_text][et_pb_button button_url=&#8220;https:\/\/danis-hundepension.de\/wp-content\/uploads\/2025\/06\/hundepension-Vertrag-ab-16.06.2025-pdf.pdf&#8220; button_text=&#8220;Download&#8220; _builder_version=&#8220;4.27.4&#8243; _module_preset=&#8220;default&#8220; custom_button=&#8220;on&#8220; button_text_color=&#8220;#90b32f&#8220; button_letter_spacing=&#8220;2px&#8220; button_font=&#8220;Lato|700|||||||&#8220; button_icon=&#8220;&#xe092;||divi||400&#8243; hover_enabled=&#8220;0&#8243; global_colors_info=&#8220;{}&#8220; sticky_enabled=&#8220;0&#8243;][\/et_pb_button][et_pb_text _builder_version=&#8220;4.19.1&#8243; _module_preset=&#8220;default&#8220; global_colors_info=&#8220;{}&#8220;]<\/p>\n<h1>Der <span style=\"color: #90b32f;\">Fragebogen<\/span> zum Download<\/h1>\n<p>F\u00fcr eine schnelle Bearbeitung brauchen Sie nur den Fragebogen drucken, ausf\u00fcllen, unterschreiben und an unsere E-Mail: <a href=\"mailto:info@danis-hundepension.de\">info@danis-hundepension.de<\/a> schicken.[\/et_pb_text][et_pb_button button_url=&#8220;https:\/\/danis-hundepension.de\/wp-content\/uploads\/2023\/02\/Fragebogen.pdf&#8220; button_text=&#8220;Download&#8220; _builder_version=&#8220;4.19.1&#8243; _module_preset=&#8220;default&#8220; custom_button=&#8220;on&#8220; button_text_color=&#8220;#90b32f&#8220; button_letter_spacing=&#8220;2px&#8220; button_font=&#8220;Lato|700|||||||&#8220; button_icon=&#8220;&#xe092;||divi||400&#8243; hover_enabled=&#8220;0&#8243; global_colors_info=&#8220;{}&#8220; sticky_enabled=&#8220;0&#8243;][\/et_pb_button][\/et_pb_column][\/et_pb_row][\/et_pb_section]<\/p>\n","protected":false},"excerpt":{"rendered":"<p>Der Vertrag zum Download F\u00fcr eine schnelle Bearbeitung brauchen Sie nur den Hundepensionsvertrag drucken, ausf\u00fcllen, unterschreiben und an unsere E-Mail: info@danis-hundepension.de schicken.Der Fragebogen zum Download F\u00fcr eine schnelle Bearbeitung brauchen Sie nur den Fragebogen drucken, ausf\u00fcllen, unterschreiben und an unsere E-Mail: info@danis-hundepension.de schicken.<\/p>\n","protected":false},"author":3,"featured_media":0,"parent":0,"menu_order":0,"comment_status":"closed","ping_status":"closed","template":"","meta":{"_et_pb_use_builder":"on","_et_pb_old_content":"","_et_gb_content_width":"","footnotes":""},"class_list":["post-138","page","type-page","status-publish","hentry"],"_links":{"self":[{"href":"https:\/\/danis-hundepension.de\/index.php?rest_route=\/wp\/v2\/pages\/138","targetHints":{"allow":["GET"]}}],"collection":[{"href":"https:\/\/danis-hundepension.de\/index.php?rest_route=\/wp\/v2\/pages"}],"about":[{"href":"https:\/\/danis-hundepension.de\/index.php?rest_route=\/wp\/v2\/types\/page"}],"author":[{"embeddable":true,"href":"https:\/\/danis-hundepension.de\/index.php?rest_route=\/wp\/v2\/users\/3"}],"replies":[{"embeddable":true,"href":"https:\/\/danis-hundepension.de\/index.php?rest_route=%2Fwp%2Fv2%2Fcomments&post=138"}],"version-history":[{"count":10,"href":"https:\/\/danis-hundepension.de\/index.php?rest_route=\/wp\/v2\/pages\/138\/revisions"}],"predecessor-version":[{"id":378,"href":"https:\/\/danis-hundepension.de\/index.php?rest_route=\/wp\/v2\/pages\/138\/revisions\/378"}],"wp:attachment":[{"href":"https:\/\/danis-hundepension.de\/index.php?rest_route=%2Fwp%2Fv2%2Fmedia&parent=138"}],"curies":[{"name":"wp","href":"https:\/\/api.w.org\/{rel}","templated":true}]}}